 (-6)/(1/2*3). Let n = b + 9. What are the prime factors of (-2)/5 - (-62)/n?
2, 3
Suppose 9*z = 6*z + 105. What are the prime factors of z?
5, 7
Let g(x) = x**3 - 5*x**2 + x - 2. Let s be g(5). Suppose 3 = r + 3*a - 4, s*r - 77 = 5*a. List the prime factors of r.
19
Let z be 3/((-3)/(-4)) + -2. Suppose -3*v = -2*v + z. Let f(s) = 4*s**2 + 4*s + 2. What are the prime factors of f(v)?
2, 5
Let p(b) = 1. Let u(c) = c + 2*c - 5 - 2*c. Let v(j) = 2*p(j) - u(j). What are the prime factors of v(-5)?
2, 3
Let p be (3/1)/(7 + -6). Suppose 20 = z - 3*q, 5*z - 116 = z + p*q. What are the prime factors of z?
2
Suppose 0 = 10*w - 3*w + 63. Suppose 5*n + 43 = -32. Let u = w - n. What are the prime factors of u?
2, 3
Suppose 2*p = -2*p. Suppose p = -3*o - 5*t + 11, 5*o - 19 = 5*t + 66. List the prime factors of o.
2, 3
Suppose 0 - 5 = -q. Suppose -q*w - h + 5 = 4*h, -4 = h. Suppose -2*d + 5*s + 9 = 0, -w*s = -d - 2*d + 16. What are the prime factors of d?
7
Let h = -1 - 0. Let x(j) = -5*j - 1. Let p be x(h). Suppose 10 = -5*q, -2 - p = -b + 2*q. List the prime factors of b.
2
Let u = -2 + 5. Suppose -3*l = -w - 2*w, -u*w + 24 = 5*l. Suppose -5*v + f - l*f + 52 = 0, -v + 20 = -2*f. What are the prime factors of v?
2, 3
Suppose -57 = -7*w + 125. List the prime factors of w.
2, 13
Let x = 21 + -15. Suppose 3*m + z - 154 = 0, 0*z - x = 3*z. List the prime factors of m.
2, 13
Let g(y) = y**2 + y - 2. Suppose -2*w - 2 = -2*q, -w + q = 3*q - 8. List the prime factors of g(w).
2
Suppose 52 = 5*w - 3*a + 6, 2*w = 4*a + 10. Let q(x) = -x**3 + 10*x**2 + 14*x - 15. List the prime factors of q(w).
2, 3
Let c be (5 - 5)/(1 + 0). Suppose 2*g + 40 = 4*g + 2*n, -2*g + 2*n + 24 = c. What are the prime factors of g?
2
Let a = -9 - -109. What are the prime factors of a?
2, 5
Suppose -t + 3*t - 8 = 0. Suppose 0*q - 5*q + 36 = t*p, -5*p = 3*q - 58. Let x = -9 + p. What are the prime factors of x?
5
Suppose -3*m - 140 + 40 = -2*h, -5*h + 273 = 4*m. List the prime factors of h.
53
Suppose 0 = -2*v + v + 12. List the prime factors of -3*2/v*-26.
13
Suppose -3*l = 5*w - 2*l - 68, -4*w = 2*l - 52. What are the prime factors of w?
2, 7
Suppose 3*f - 15 = 0, -c = c + 3*f - 147. List the prime factors of c.
2, 3, 11
List the prime factors of (-2)/12 + 34385/138.
3, 83
Let l(o) = 3*o - 1. Let s(c) = -1 + 4 - 2 - 3*c. Let x(g) = 2*l(g) + 3*s(g). List the prime factors of x(-3).
2, 5
Let s(u) = 2*u. Let c be s(-1). Let h = c + 6. Suppose h*y + 33 = 3*o + y, 3*o + 5*y - 1 = 0. What are the prime factors of o?
7
Let o(s) = -13*s**2 - 4*s - 5. Let n(p) = -3*p - 12*p**2 + 2 + 0 + 0*p - 6. Let t(u) = -5*n(u) + 4*o(u). List the prime factors of t(-1).
3
Suppose -5*w = -7*w + 26. Suppose 14*m = w*m + 21. What are the prime factors of m?
3, 7
List the prime factors of -2 + 1 + 2 - -2.
3
Let k(g) = g + 2. Let j be k(4). Suppose 2*s = -2, 0*q = -3*q - s + 2. Let t = q + j. List the prime factors of t.
7
Let c(r) = 7*r - 6. Let q(h) = -7*h + 7. Let f(t) = 7*c(t) + 6*q(t). What are the prime factors of f(1)?
7
Suppose -6*h + 4*h = 3*a - 861, 0 = 2*a - h - 567. What are the prime factors of a?
3, 5, 19
Let v = -24 + -20. Let o = 64 + v. What are the prime factors of o?
2, 5
Let x(d) = d**2 - 5*d - 5. Let q be x(7). Suppose -a - a = -38. Let m = a - q. What are the prime factors of m?
2, 5
Suppose 5*m - 3*u = 44, -3*u - 22 = -3*m + u. Let d be -3*(-4)/(24/m). Let c = d + 3. What are the prime factors of c?
2
Let f(z) be the first derivative of -z**4/4 - z**3/3 - z**2/2 - 4*z + 2. What are the prime factors of f(-3)?
17
Let v(a) = a**2 + 2. Let j be v(-3). Let d = -5 + j. Suppose 3*f = -3*n + 3, 2*n + 5*f + 1 = -d. What are the prime factors of n?
2
Let s = 11 - 8. Let b(q) = 5*q + 4. List the prime factors of b(s).
19
List the prime factors of (9/(-3) + 13)*13.
2, 5, 13
Let w = 37 - 20. Suppose 3*j = -2*j + f + 73, 0 = j - f - w. List the prime factors of j.
2, 7
List the prime factors of (13 + -9)*71/4.
71
Let t be (9/6)/((-3)/(-8)). Suppose 59 + t = -3*y. What are the prime factors of (2/(-6))/(1/y)?
7
Let k be 2/(-1) + 11 + -9. Let y = 19 + k. List the prime factors of y.
19
Suppose 0 = 2*x - 3*x + 178. Suppose 94 = 3*o - 2*w, 3*w - x = -5*o + w. List the prime factors of o.
2, 17
Suppose 5*h + 34 - 4 = 0. List the prime factors of (-334)/h - 3/(-9).
2, 7
Let g(x) = x**2 + 1. Suppose -7*a - 4 = -3*a. What are the prime factors of g(a)?
2
Suppose -2*p = -5*u + 107, -160 + 37 = -5*u - 2*p. What are the prime factors of u?
23
Suppose 3*x + 27 = 3*c, -6*x + 3*x + 5*c - 33 = 0. Suppose 0 = -4*s + o - 6*o - 6, o + 4 = 2*s. What are the prime factors of (21/x*-2)/s?
7
Let n = 120 + -15. List the prime factors of n.
3, 5, 7
List the prime factors of ((-80)/(-15))/(4/24).
2
Let b be 334/6 - (-8)/(-12). Suppose -t - 4*t + b = -3*h, 3*t = 2*h + 32. List the prime factors of t.
2, 7
Suppose -5*k = -d - 4*k - 13, 3*k = 6. What are the prime factors of (0 - -1)/((-1)/d)?
11
Let u(q) = -45*q. Let z be u(-2). Suppose -4*n + 7*n - z = 0. List the prime factors of n.
2, 3, 5
What are the prime factors of (40 + -11)/(2/4)?
2, 29
Let t(r) = -r**3 - 2*r**2 + r + 2. What are the prime factors of t(-3)?
2
Let q(n) = n**2 - 4*n + 1. Let r be (6 + -2)*1 - 0. Let t be q(r). Let x = 2 + t. List the prime factors of x.
3
Suppose 112 = 4*t - 8. Let x(c) = c - 1. Let g be x(-3). What are the prime factors of 108/t + g/(-10)?
2
Suppose -q - 2*q + 60 = 0. Suppose y = -y + q. List the prime factors of y.
2, 5
Let d(f) = -2*f**3 - 6*f**2 + 4. Let y be d(-4). Suppose -y = -2*c - c. What are the prime factors of c?
2, 3
Suppose 3*w = -3*w + 1836. What are the prime factors of w?
2, 3, 17
Let i be (-1)/3*-15 - -4. Let c = i - -2. List the prime factors of c.
11
Suppose -6*r = -3*r - 15. Suppose -10*z + 75 = -r*z. List the prime factors of z.
3, 5
Let d(q) = 0*q + 17 - 6 - q. Let n be d(9). What are the prime factors of (4 - n)/((-2)/(-5))?
5
Let p = -3 + 6. Let t(r) be the first derivative of r**4/4 - r**3/3 - r**2 + 4*r + 1. What are the prime factors of t(p)?
2
Let x(b) = -b**3 + 3*b**2 + 5*b + 2. Let t = -3 - -7. Suppose -3*l - 5 = 3*n - 2, -5*l + t*n + 40 = 0. List the prime factors of x(l).
2, 3
Suppose -2*m = -1 - 5. Suppose m*z - 2*z - 2*h = -6, 0 = -2*z + h. Suppose j + z*u - 16 = 0, 2*u = -j - 2*j + 28. What are the prime factors of j?
2, 3
Suppose 0 = -2*k + 14 + 4. Let y(h) = -h + 3. Let z(i) = -i + 2. Let t(u) = -5*y(u) + 4*z(u). List the prime factors of t(k).
2
Let k(h) = -2*h. Let p be k(-3). Suppose 0 = -4*w + 6*w - p. What are the prime factors of 22 - ((-3)/w + 1)?
2, 11
Let a(h) = -h**2 + 11*h + 4. Let z be a(11). Suppose 5*p - 86 = 4*t, -4*p - z = 5*t - 40. What are the prime factors of p?
2, 7
Let u = 119 - 82. Let w = -4 + 7. Suppose 3*c - 3*h = -4*h + 17, -4*h - u = -w*c. What are the prime factors of c?
7
Let l be ((-1)/(-3))/(1/15). Suppose s - 3*o = 22, -o + l*o = -s + 29. List the prime factors of s.
5
Suppose -i - 2*f + 1 = 0, 2 = -i - 5*f - 0. Let z be (-1)/(i + 21/(-6)). Suppose -z = -4*v + 34. What are the prime factors of v?
3
Let g = -49 - -75. What are the prime factors of g?
2, 13
List the prime factors of (14/28)/((-2)/(-788)).
197
What are the prime factors of -6*((-78)/(-8))/((-2)/4)?
3, 13
Let u = -1 + 7. Suppose 6 = 3*m - u. What are the prime factors of m?
2
Let x(v) = v**3 - 8*v**2 + 7*v - 9. Let m be x(7). Let f = 10 + m. What are the prime factors of (0 - -1) + (2 - f)?
2
Suppose 4*v - 5*l + 4 = 0, -v + 4*l = 2*l + 4. Suppose -21 + v = -b. List the prime factors of b.
17
Let i(s) = 49*s - 25. List the prime factors of i(7).
2, 3, 53
Suppose -4*j + 0*j = -128. Suppose 3*q - j = -2*w, -20 = -0*q - 2*q - 2*w. What are the prime factors of q?
2, 3
Let z be 1/(-1)*135/(-5). Let f = z - 19. List the prime factors of f.
2
Let q(y) = -11*y + 8*y**2 + 15 - 6 + 7 + y**3. What are the prime factors of q(-9)?
2, 17
Let m = -5 + 9. Suppose -j + m*j = 42. Let z = j - 10. List the prime factors of z.
2
Suppose 3*c = -0*c. List the prime factors of 0/(-5) + (c - -17).
17
Suppose -326 + 82 = -4*r. What are the prime factors of r?
61
Let a = -6 - -16. List the prime factors of a.
2, 5
Suppose -4*o - 13 = 3. List the prime factors of 12/(-18)*222/o.
37
Let q(u) = -u - 5. Let a be q(-9). Suppose 4 = 4*k - a.